{"id":25357,"date":"2026-08-28T09:54:46","date_gmt":"2026-08-28T07:54:46","guid":{"rendered":"https:\/\/destination-commingespyrenees.com\/fmamid031v5123zg-en"},"modified":"2026-08-29T03:03:00","modified_gmt":"2026-08-29T01:03:00","slug":"journees-europeennes-du-patrimoine-atelier-dans-mon-reve-FMAMID031V5123ZG","status":"publish","type":"agenda","link":"https:\/\/destination-commingespyrenees.com\/en\/agenda\/journees-europeennes-du-patrimoine-atelier-dans-mon-reve-FMAMID031V5123ZG\/","title":{"rendered":"JOURN\u00c9ES EUROP\u00c9ENNES DU PATRIMOINE : ATELIER &#8220;DANS MON R\u00caVE&#8221;"},"excerpt":{"rendered":"<p>Imagine, create and bring your own kingdom to life, inspired by the artist\u2019s world. Ages 5 and over.<\/p>\n","protected":false},"template":"","meta":{"_acf_changed":false},"class_list":["post-25357","agenda","type-agenda","status-publish","hentry"],"acf":[],"_links":{"self":[{"href":"https:\/\/destination-commingespyrenees.com\/en\/wp-json\/wp\/v2\/agenda\/25357","targetHints":{"allow":["GET"]}}],"collection":[{"href":"https:\/\/destination-commingespyrenees.com\/en\/wp-json\/wp\/v2\/agenda"}],"about":[{"href":"https:\/\/destination-commingespyrenees.com\/en\/wp-json\/wp\/v2\/types\/agenda"}],"wp:attachment":[{"href":"https:\/\/destination-commingespyrenees.com\/en\/wp-json\/wp\/v2\/media?parent=25357"}],"curies":[{"name":"wp","href":"https:\/\/api.w.org\/{rel}","templated":true}]}}

JOURNÉES EUROPÉENNES DU PATRIMOINE : ATELIER &#8220;DANS MON RÊVE&#8221;
