{"id":25361,"date":"2026-08-28T09:54:46","date_gmt":"2026-08-28T07:54:46","guid":{"rendered":"https:\/\/destination-commingespyrenees.com\/fmamid031v51240a-en"},"modified":"2026-08-29T03:03:01","modified_gmt":"2026-08-29T01:03:01","slug":"journees-europeennes-du-patrimoine-visite-exceptionnelle-des-reserves-du-musee-FMAMID031V51240A","status":"publish","type":"agenda","link":"https:\/\/destination-commingespyrenees.com\/en\/agenda\/journees-europeennes-du-patrimoine-visite-exceptionnelle-des-reserves-du-musee-FMAMID031V51240A\/","title":{"rendered":"JOURN\u00c9ES EUROP\u00c9ENNES DU PATRIMOINE : VISITE EXCEPTIONNELLE DES R\u00c9SERVES DU MUS\u00c9E"},"excerpt":{"rendered":"<p>Situated in the heart of Saint-Gaudens, the museum houses, amongst other things, a significant collection of porcelain produced by the Fouque and Arnoux factory, which operated in Toulouse and Saint-Gaudens between 1813 and 1864. It also showcases the work of the Saint-Gaudens-born painter Jean-Andr\u00e9 Rixens (1846\u20131925), with around thirty of his paintings on display in [&hellip;]<\/p>\n","protected":false},"template":"","meta":{"_acf_changed":false},"class_list":["post-25361","agenda","type-agenda","status-publish","hentry"],"acf":[],"_links":{"self":[{"href":"https:\/\/destination-commingespyrenees.com\/en\/wp-json\/wp\/v2\/agenda\/25361","targetHints":{"allow":["GET"]}}],"collection":[{"href":"https:\/\/destination-commingespyrenees.com\/en\/wp-json\/wp\/v2\/agenda"}],"about":[{"href":"https:\/\/destination-commingespyrenees.com\/en\/wp-json\/wp\/v2\/types\/agenda"}],"wp:attachment":[{"href":"https:\/\/destination-commingespyrenees.com\/en\/wp-json\/wp\/v2\/media?parent=25361"}],"curies":[{"name":"wp","href":"https:\/\/api.w.org\/{rel}","templated":true}]}}

JOURNÉES EUROPÉENNES DU PATRIMOINE : VISITE EXCEPTIONNELLE DES RÉSERVES DU MUSÉE

<p>Situated in the heart of Saint-Gaudens, the museum houses, amongst other things, a significant collection of porcelain produced by the Fouque and Arnoux factory, which operated in Toulouse and Saint-Gaudens between 1813 and 1864. It also showcases the work of the Saint-Gaudens-born painter Jean-André Rixens (1846–1925), with around thirty of his paintings on display in [&hellip;]</p>
