{"id":25552,"date":"2026-08-29T11:37:30","date_gmt":"2026-08-29T09:37:30","guid":{"rendered":"https:\/\/destination-commingespyrenees.com\/fmamid031v51257e-en"},"modified":"2026-08-30T03:02:05","modified_gmt":"2026-08-30T01:02:05","slug":"theatre-catinou-se-dechaine-FMAMID031V51257E","status":"publish","type":"agenda","link":"https:\/\/destination-commingespyrenees.com\/en\/agenda\/theatre-catinou-se-dechaine-FMAMID031V51257E\/","title":{"rendered":"TH\u00c9\u00c2TRE &#8211; CATINOU SE D\u00c9CHAINE"},"excerpt":{"rendered":"<p>Catinou, alone on stage \u2013 or almost alone \u2013 whilst going about her household chores, recounts anecdotes from everyday life and stories from her imaginary village of Minjec\u00e8bes&#8230; A show by Michel and Olivier Saint-Raymond and Genevi\u00e8ve Dumont.<\/p>\n","protected":false},"template":"","meta":{"_acf_changed":false},"class_list":["post-25552","agenda","type-agenda","status-publish","hentry"],"acf":[],"_links":{"self":[{"href":"https:\/\/destination-commingespyrenees.com\/en\/wp-json\/wp\/v2\/agenda\/25552","targetHints":{"allow":["GET"]}}],"collection":[{"href":"https:\/\/destination-commingespyrenees.com\/en\/wp-json\/wp\/v2\/agenda"}],"about":[{"href":"https:\/\/destination-commingespyrenees.com\/en\/wp-json\/wp\/v2\/types\/agenda"}],"wp:attachment":[{"href":"https:\/\/destination-commingespyrenees.com\/en\/wp-json\/wp\/v2\/media?parent=25552"}],"curies":[{"name":"wp","href":"https:\/\/api.w.org\/{rel}","templated":true}]}}

THÉÂTRE &#8211; CATINOU SE DÉCHAINE

<p>Catinou, alone on stage – or almost alone – whilst going about her household chores, recounts anecdotes from everyday life and stories from her imaginary village of Minjecèbes&#8230; A show by Michel and Olivier Saint-Raymond and Geneviève Dumont.</p>
