{"id":25372,"date":"2026-08-28T09:53:05","date_gmt":"2026-08-28T07:53:05","guid":{"rendered":"https:\/\/destination-commingespyrenees.com\/fmamid031v5123us-es"},"modified":"2026-08-29T03:03:15","modified_gmt":"2026-08-29T01:03:15","slug":"journees-europeennes-du-patrimoine-visite-commentee-a-la-decouverte-du-patrimoine-photographique-de-jean-dieuzaide-FMAMID031V5123US","status":"publish","type":"agenda","link":"https:\/\/destination-commingespyrenees.com\/es\/agenda\/journees-europeennes-du-patrimoine-visite-commentee-a-la-decouverte-du-patrimoine-photographique-de-jean-dieuzaide-FMAMID031V5123US\/","title":{"rendered":"JOURN\u00c9ES EUROP\u00c9ENNES DU PATRIMOINE : VISITE COMMENT\u00c9E &#8211; \u00c0 LA D\u00c9COUVERTE DU PATRIMOINE PHOTOGRAPHIQUE DE JEAN DIEUZAIDE"},"excerpt":{"rendered":"<p>Dirigida por Michel Dieuzaide, esta visita ofrece un repaso a la trayectoria de este prol\u00edfico fot\u00f3grafo y a la riqueza de su obra.<\/p>\n","protected":false},"template":"","meta":{"_acf_changed":false},"class_list":["post-25372","agenda","type-agenda","status-publish","hentry"],"acf":[],"_links":{"self":[{"href":"https:\/\/destination-commingespyrenees.com\/es\/wp-json\/wp\/v2\/agenda\/25372","targetHints":{"allow":["GET"]}}],"collection":[{"href":"https:\/\/destination-commingespyrenees.com\/es\/wp-json\/wp\/v2\/agenda"}],"about":[{"href":"https:\/\/destination-commingespyrenees.com\/es\/wp-json\/wp\/v2\/types\/agenda"}],"wp:attachment":[{"href":"https:\/\/destination-commingespyrenees.com\/es\/wp-json\/wp\/v2\/media?parent=25372"}],"curies":[{"name":"wp","href":"https:\/\/api.w.org\/{rel}","templated":true}]}}

JOURNÉES EUROPÉENNES DU PATRIMOINE : VISITE COMMENTÉE &#8211; À LA DÉCOUVERTE DU PATRIMOINE PHOTOGRAPHIQUE DE JEAN DIEUZAIDE

<p>Dirigida por Michel Dieuzaide, esta visita ofrece un repaso a la trayectoria de este prolífico fotógrafo y a la riqueza de su obra.</p>
