{"id":25380,"date":"2026-08-28T09:54:44","date_gmt":"2026-08-28T07:54:44","guid":{"rendered":"https:\/\/destination-commingespyrenees.com\/fmamid031v5123zd-es"},"modified":"2026-08-29T03:03:18","modified_gmt":"2026-08-29T01:03:18","slug":"journees-europeennes-du-patrimoine-lecture-theatralisee-FMAMID031V5123ZD","status":"publish","type":"agenda","link":"https:\/\/destination-commingespyrenees.com\/es\/agenda\/journees-europeennes-du-patrimoine-lecture-theatralisee-FMAMID031V5123ZD\/","title":{"rendered":"JOURN\u00c9ES EUROP\u00c9ENNES DU PATRIMOINE : LECTURE TH\u00c9\u00c2TRALIS\u00c9E"},"excerpt":{"rendered":"<p>Sus espacios renovados permiten al equipo renovar peri\u00f3dicamente el recorrido para sorprender a los visitantes. El museo expone principalmente las piezas de porcelana de la f\u00e1brica Fouque y Arnoux, que estuvo en activo en Toulouse y Saint-Gaudens entre 1813 y 1864. Admira tambi\u00e9n la obra del pintor de Saint-Gaudens Jean-Andr\u00e9 Rixens (1846-1925), del que se [&hellip;]<\/p>\n","protected":false},"template":"","meta":{"_acf_changed":false},"class_list":["post-25380","agenda","type-agenda","status-publish","hentry"],"acf":[],"_links":{"self":[{"href":"https:\/\/destination-commingespyrenees.com\/es\/wp-json\/wp\/v2\/agenda\/25380","targetHints":{"allow":["GET"]}}],"collection":[{"href":"https:\/\/destination-commingespyrenees.com\/es\/wp-json\/wp\/v2\/agenda"}],"about":[{"href":"https:\/\/destination-commingespyrenees.com\/es\/wp-json\/wp\/v2\/types\/agenda"}],"wp:attachment":[{"href":"https:\/\/destination-commingespyrenees.com\/es\/wp-json\/wp\/v2\/media?parent=25380"}],"curies":[{"name":"wp","href":"https:\/\/api.w.org\/{rel}","templated":true}]}}

JOURNÉES EUROPÉENNES DU PATRIMOINE : LECTURE THÉÂTRALISÉE

<p>Sus espacios renovados permiten al equipo renovar periódicamente el recorrido para sorprender a los visitantes. El museo expone principalmente las piezas de porcelana de la fábrica Fouque y Arnoux, que estuvo en activo en Toulouse y Saint-Gaudens entre 1813 y 1864. Admira también la obra del pintor de Saint-Gaudens Jean-André Rixens (1846-1925), del que se [&hellip;]</p>
