{"id":25381,"date":"2026-08-28T09:54:46","date_gmt":"2026-08-28T07:54:46","guid":{"rendered":"https:\/\/destination-commingespyrenees.com\/fmamid031v5123zg-es"},"modified":"2026-08-29T03:03:19","modified_gmt":"2026-08-29T01:03:19","slug":"journees-europeennes-du-patrimoine-atelier-dans-mon-reve-FMAMID031V5123ZG","status":"publish","type":"agenda","link":"https:\/\/destination-commingespyrenees.com\/es\/agenda\/journees-europeennes-du-patrimoine-atelier-dans-mon-reve-FMAMID031V5123ZG\/","title":{"rendered":"JOURN\u00c9ES EUROP\u00c9ENNES DU PATRIMOINE : ATELIER &#8220;DANS MON R\u00caVE&#8221;"},"excerpt":{"rendered":"<p>Imagina, crea y da vida a tu propio reino, inspir\u00e1ndote en el universo del artista. A partir de 5 a\u00f1os.<\/p>\n","protected":false},"template":"","meta":{"_acf_changed":false},"class_list":["post-25381","agenda","type-agenda","status-publish","hentry"],"acf":[],"_links":{"self":[{"href":"https:\/\/destination-commingespyrenees.com\/es\/wp-json\/wp\/v2\/agenda\/25381","targetHints":{"allow":["GET"]}}],"collection":[{"href":"https:\/\/destination-commingespyrenees.com\/es\/wp-json\/wp\/v2\/agenda"}],"about":[{"href":"https:\/\/destination-commingespyrenees.com\/es\/wp-json\/wp\/v2\/types\/agenda"}],"wp:attachment":[{"href":"https:\/\/destination-commingespyrenees.com\/es\/wp-json\/wp\/v2\/media?parent=25381"}],"curies":[{"name":"wp","href":"https:\/\/api.w.org\/{rel}","templated":true}]}}

JOURNÉES EUROPÉENNES DU PATRIMOINE : ATELIER &#8220;DANS MON RÊVE&#8221;

<p>Imagina, crea y da vida a tu propio reino, inspirándote en el universo del artista. A partir de 5 años.</p>
