{"id":25382,"date":"2026-08-28T09:53:04","date_gmt":"2026-08-28T07:53:04","guid":{"rendered":"https:\/\/destination-commingespyrenees.com\/fmamid031v5123zm-es"},"modified":"2026-08-29T03:03:21","modified_gmt":"2026-08-29T01:03:21","slug":"journees-europeennes-du-patrimoine-visite-guidee-de-lexposition-extraordinaires-nos-collections-FMAMID031V5123ZM","status":"publish","type":"agenda","link":"https:\/\/destination-commingespyrenees.com\/es\/agenda\/journees-europeennes-du-patrimoine-visite-guidee-de-lexposition-extraordinaires-nos-collections-FMAMID031V5123ZM\/","title":{"rendered":"JOURN\u00c9ES EUROP\u00c9ENNES DU PATRIMOINE : VISITE GUID\u00c9E DE L&#8217;EXPOSITION &#8220;(EXTRA)ORDINAIRES NOS COLLECTIONS ?&#8221;"},"excerpt":{"rendered":"<p>Una nueva exposici\u00f3n temporal, centrada en una selecci\u00f3n de objetos, a cu\u00e1l m\u00e1s sorprendente. Procedentes de la regi\u00f3n de Comminges, reflejan la vida cotidiana desde finales del siglo XVIII hasta mediados del siglo XX.<\/p>\n","protected":false},"template":"","meta":{"_acf_changed":false},"class_list":["post-25382","agenda","type-agenda","status-publish","hentry"],"acf":[],"_links":{"self":[{"href":"https:\/\/destination-commingespyrenees.com\/es\/wp-json\/wp\/v2\/agenda\/25382","targetHints":{"allow":["GET"]}}],"collection":[{"href":"https:\/\/destination-commingespyrenees.com\/es\/wp-json\/wp\/v2\/agenda"}],"about":[{"href":"https:\/\/destination-commingespyrenees.com\/es\/wp-json\/wp\/v2\/types\/agenda"}],"wp:attachment":[{"href":"https:\/\/destination-commingespyrenees.com\/es\/wp-json\/wp\/v2\/media?parent=25382"}],"curies":[{"name":"wp","href":"https:\/\/api.w.org\/{rel}","templated":true}]}}

JOURNÉES EUROPÉENNES DU PATRIMOINE : VISITE GUIDÉE DE L&#8217;EXPOSITION &#8220;(EXTRA)ORDINAIRES NOS COLLECTIONS ?&#8221;

<p>Una nueva exposición temporal, centrada en una selección de objetos, a cuál más sorprendente. Procedentes de la región de Comminges, reflejan la vida cotidiana desde finales del siglo XVIII hasta mediados del siglo XX.</p>
