{"id":25384,"date":"2026-08-25T14:45:31","date_gmt":"2026-08-25T12:45:31","guid":{"rendered":"https:\/\/destination-commingespyrenees.com\/fmamid031v5123zy-es"},"modified":"2026-08-26T16:06:19","modified_gmt":"2026-08-26T14:06:19","slug":"spectacle-des-vies-dansent-au-pays-du-soleil-levant-FMAMID031V5123ZY","status":"publish","type":"agenda","link":"https:\/\/destination-commingespyrenees.com\/es\/agenda\/spectacle-des-vies-dansent-au-pays-du-soleil-levant-FMAMID031V5123ZY\/","title":{"rendered":"SPECTACLE &#8211; DES VIES DANSENT AU PAYS DU SOLEIL LEVANT"},"excerpt":{"rendered":"<p>La compa\u00f1\u00eda Contes \u00e0 Cheminer os presentar\u00e1 su espect\u00e1culo: \u00abVidas que bailan en el pa\u00eds del sol naciente\u00bb. Las historias que se proponen proceden del patrimonio japon\u00e9s y han sido elegidas para hacer so\u00f1ar, sonre\u00edr, relajarse, estremecerse, reflexionar\u2026 y viajar\u2026 Cuentos, m\u00fasica y danza con Natacha Laborde, narradora; Anne-Sophie Robinet, m\u00fasica y compositora; y \u00c9meline [&hellip;]<\/p>\n","protected":false},"template":"","meta":{"_acf_changed":false},"class_list":["post-25384","agenda","type-agenda","status-publish","hentry"],"acf":[],"_links":{"self":[{"href":"https:\/\/destination-commingespyrenees.com\/es\/wp-json\/wp\/v2\/agenda\/25384","targetHints":{"allow":["GET"]}}],"collection":[{"href":"https:\/\/destination-commingespyrenees.com\/es\/wp-json\/wp\/v2\/agenda"}],"about":[{"href":"https:\/\/destination-commingespyrenees.com\/es\/wp-json\/wp\/v2\/types\/agenda"}],"wp:attachment":[{"href":"https:\/\/destination-commingespyrenees.com\/es\/wp-json\/wp\/v2\/media?parent=25384"}],"curies":[{"name":"wp","href":"https:\/\/api.w.org\/{rel}","templated":true}]}}

<p>La compañía Contes à Cheminer os presentará su espectáculo: «Vidas que bailan en el país del sol naciente». Las historias que se proponen proceden del patrimonio japonés y han sido elegidas para hacer soñar, sonreír, relajarse, estremecerse, reflexionar… y viajar… Cuentos, música y danza con Natacha Laborde, narradora; Anne-Sophie Robinet, música y compositora; y Émeline [&hellip;]</p>
