{"id":25492,"date":"2026-08-27T15:44:48","date_gmt":"2026-08-27T13:44:48","guid":{"rendered":"https:\/\/destination-commingespyrenees.com\/fmamid031v50uh8q-es"},"modified":"2026-08-28T03:02:00","modified_gmt":"2026-08-28T01:02:00","slug":"fete-de-lautomne-au-musee-de-laurignacien-FMAMID031V50UH8Q","status":"publish","type":"agenda","link":"https:\/\/destination-commingespyrenees.com\/es\/agenda\/fete-de-lautomne-au-musee-de-laurignacien-FMAMID031V50UH8Q\/","title":{"rendered":"F\u00caTE DE L&#8217;AUTOMNE AU MUS\u00c9E DE L&#8217;AURIGNACIEN"},"excerpt":{"rendered":"<p>En la explanada del museo se instala un mercado artesanal y gastron\u00f3mico para ofrecer productos locales. A lo largo del d\u00eda se organizan diversas actividades y talleres en torno a la biodiversidad y la naturaleza, todo ello amenizado con m\u00fasica. Los ni\u00f1os podr\u00e1n disfrutar de un paseo en poni. Habr\u00e1 un puesto de refrescos que [&hellip;]<\/p>\n","protected":false},"template":"","meta":{"_acf_changed":false},"class_list":["post-25492","agenda","type-agenda","status-publish","hentry"],"acf":[],"_links":{"self":[{"href":"https:\/\/destination-commingespyrenees.com\/es\/wp-json\/wp\/v2\/agenda\/25492","targetHints":{"allow":["GET"]}}],"collection":[{"href":"https:\/\/destination-commingespyrenees.com\/es\/wp-json\/wp\/v2\/agenda"}],"about":[{"href":"https:\/\/destination-commingespyrenees.com\/es\/wp-json\/wp\/v2\/types\/agenda"}],"wp:attachment":[{"href":"https:\/\/destination-commingespyrenees.com\/es\/wp-json\/wp\/v2\/media?parent=25492"}],"curies":[{"name":"wp","href":"https:\/\/api.w.org\/{rel}","templated":true}]}}

FÊTE DE L&#8217;AUTOMNE AU MUSÉE DE L&#8217;AURIGNACIEN

<p>En la explanada del museo se instala un mercado artesanal y gastronómico para ofrecer productos locales. A lo largo del día se organizan diversas actividades y talleres en torno a la biodiversidad y la naturaleza, todo ello amenizado con música. Los niños podrán disfrutar de un paseo en poni. Habrá un puesto de refrescos que [&hellip;]</p>
