{"id":25561,"date":"2026-08-29T11:37:30","date_gmt":"2026-08-29T09:37:30","guid":{"rendered":"https:\/\/destination-commingespyrenees.com\/fmamid031v51257e-es"},"modified":"2026-08-30T03:02:17","modified_gmt":"2026-08-30T01:02:17","slug":"theatre-catinou-se-dechaine-FMAMID031V51257E","status":"publish","type":"agenda","link":"https:\/\/destination-commingespyrenees.com\/es\/agenda\/theatre-catinou-se-dechaine-FMAMID031V51257E\/","title":{"rendered":"TH\u00c9\u00c2TRE &#8211; CATINOU SE D\u00c9CHAINE"},"excerpt":{"rendered":"<p>Catinou, sola en el escenario \u2014o casi\u2014 mientras realiza sus tareas dom\u00e9sticas, cuenta an\u00e9cdotas cotidianas e historias de su pueblo imaginario, Minjec\u00e8bes&#8230; Un espect\u00e1culo de Michel y Olivier Saint-Raymond y Genevi\u00e8ve Dumont.<\/p>\n","protected":false},"template":"","meta":{"_acf_changed":false},"class_list":["post-25561","agenda","type-agenda","status-publish","hentry"],"acf":[],"_links":{"self":[{"href":"https:\/\/destination-commingespyrenees.com\/es\/wp-json\/wp\/v2\/agenda\/25561","targetHints":{"allow":["GET"]}}],"collection":[{"href":"https:\/\/destination-commingespyrenees.com\/es\/wp-json\/wp\/v2\/agenda"}],"about":[{"href":"https:\/\/destination-commingespyrenees.com\/es\/wp-json\/wp\/v2\/types\/agenda"}],"wp:attachment":[{"href":"https:\/\/destination-commingespyrenees.com\/es\/wp-json\/wp\/v2\/media?parent=25561"}],"curies":[{"name":"wp","href":"https:\/\/api.w.org\/{rel}","templated":true}]}}

THÉÂTRE &#8211; CATINOU SE DÉCHAINE

<p>Catinou, sola en el escenario —o casi— mientras realiza sus tareas domésticas, cuenta anécdotas cotidianas e historias de su pueblo imaginario, Minjecèbes&#8230; Un espectáculo de Michel y Olivier Saint-Raymond y Geneviève Dumont.</p>
