{"id":25631,"date":"2026-09-01T12:29:36","date_gmt":"2026-09-01T10:29:36","guid":{"rendered":"https:\/\/destination-commingespyrenees.com\/fmamid031v50r4bo-es"},"modified":"2026-09-02T03:02:32","modified_gmt":"2026-09-02T01:02:32","slug":"journees-europeennes-du-patrimoine-visite-de-leglise-de-jurvielle-FMAMID031V50R4BO","status":"publish","type":"agenda","link":"https:\/\/destination-commingespyrenees.com\/es\/agenda\/journees-europeennes-du-patrimoine-visite-de-leglise-de-jurvielle-FMAMID031V50R4BO\/","title":{"rendered":"JOURN\u00c9ES EUROP\u00c9ENNES DU PATRIMOINE : VISITE DE L&#8217;\u00c9GLISE DE JURVIELLE"},"excerpt":{"rendered":"<p>Abierto a todo el mundo.<\/p>\n","protected":false},"template":"","meta":{"_acf_changed":false},"class_list":["post-25631","agenda","type-agenda","status-publish","hentry"],"acf":[],"_links":{"self":[{"href":"https:\/\/destination-commingespyrenees.com\/es\/wp-json\/wp\/v2\/agenda\/25631","targetHints":{"allow":["GET"]}}],"collection":[{"href":"https:\/\/destination-commingespyrenees.com\/es\/wp-json\/wp\/v2\/agenda"}],"about":[{"href":"https:\/\/destination-commingespyrenees.com\/es\/wp-json\/wp\/v2\/types\/agenda"}],"wp:attachment":[{"href":"https:\/\/destination-commingespyrenees.com\/es\/wp-json\/wp\/v2\/media?parent=25631"}],"curies":[{"name":"wp","href":"https:\/\/api.w.org\/{rel}","templated":true}]}}

JOURNÉES EUROPÉENNES DU PATRIMOINE : VISITE DE L&#8217;ÉGLISE DE JURVIELLE
