{"id":25632,"date":"2026-09-01T16:16:56","date_gmt":"2026-09-01T14:16:56","guid":{"rendered":"https:\/\/destination-commingespyrenees.com\/fmamid031v50xjmg-es"},"modified":"2026-09-02T03:02:33","modified_gmt":"2026-09-02T01:02:33","slug":"cine-jeune-la-fille-dans-les-nuages-FMAMID031V50XJMG","status":"publish","type":"agenda","link":"https:\/\/destination-commingespyrenees.com\/es\/agenda\/cine-jeune-la-fille-dans-les-nuages-FMAMID031V50XJMG\/","title":{"rendered":"CIN\u00c9 JEUNE &#8211; LA FILLE DANS LES NUAGES"},"excerpt":{"rendered":"<p>Una pluma m\u00e1gica que convierte en realidad todo lo que escribe viene a cambiar por completo la vida de Providence, de 11 a\u00f1os, y de su cobaya Airbag. Dotados de este inmenso poder, se embarcan en un incre\u00edble viaje\u2026 Una pel\u00edcula de animaci\u00f3n familiar y de aventuras de Philippe Riche, escrita por Philippe Riche y [&hellip;]<\/p>\n","protected":false},"template":"","meta":{"_acf_changed":false},"class_list":["post-25632","agenda","type-agenda","status-publish","hentry"],"acf":[],"_links":{"self":[{"href":"https:\/\/destination-commingespyrenees.com\/es\/wp-json\/wp\/v2\/agenda\/25632","targetHints":{"allow":["GET"]}}],"collection":[{"href":"https:\/\/destination-commingespyrenees.com\/es\/wp-json\/wp\/v2\/agenda"}],"about":[{"href":"https:\/\/destination-commingespyrenees.com\/es\/wp-json\/wp\/v2\/types\/agenda"}],"wp:attachment":[{"href":"https:\/\/destination-commingespyrenees.com\/es\/wp-json\/wp\/v2\/media?parent=25632"}],"curies":[{"name":"wp","href":"https:\/\/api.w.org\/{rel}","templated":true}]}}

CINÉ JEUNE &#8211; LA FILLE DANS LES NUAGES

<p>Una pluma mágica que convierte en realidad todo lo que escribe viene a cambiar por completo la vida de Providence, de 11 años, y de su cobaya Airbag. Dotados de este inmenso poder, se embarcan en un increíble viaje… Una película de animación familiar y de aventuras de Philippe Riche, escrita por Philippe Riche y [&hellip;]</p>
