{"id":25635,"date":"2026-09-01T17:32:20","date_gmt":"2026-09-01T15:32:20","guid":{"rendered":"https:\/\/destination-commingespyrenees.com\/fmamid031v511lrb-es"},"modified":"2026-09-02T03:02:35","modified_gmt":"2026-09-02T01:02:35","slug":"apero-concert-et-repas-au-lac-de-gery-FMAMID031V511LRB","status":"publish","type":"agenda","link":"https:\/\/destination-commingespyrenees.com\/es\/agenda\/apero-concert-et-repas-au-lac-de-gery-FMAMID031V511LRB\/","title":{"rendered":"AP\u00c9RO CONCERT ET REPAS AU LAC DE G\u00c9RY"},"excerpt":{"rendered":"<p>Si\u00e9ntate en la terraza frente al lago, d\u00e9jate llevar por los ritmos de grupos musicales de diversos estilos y disfruta de un momento de relajaci\u00f3n en un entorno natural bien conservado.<\/p>\n","protected":false},"template":"","meta":{"_acf_changed":false},"class_list":["post-25635","agenda","type-agenda","status-publish","hentry"],"acf":[],"_links":{"self":[{"href":"https:\/\/destination-commingespyrenees.com\/es\/wp-json\/wp\/v2\/agenda\/25635","targetHints":{"allow":["GET"]}}],"collection":[{"href":"https:\/\/destination-commingespyrenees.com\/es\/wp-json\/wp\/v2\/agenda"}],"about":[{"href":"https:\/\/destination-commingespyrenees.com\/es\/wp-json\/wp\/v2\/types\/agenda"}],"wp:attachment":[{"href":"https:\/\/destination-commingespyrenees.com\/es\/wp-json\/wp\/v2\/media?parent=25635"}],"curies":[{"name":"wp","href":"https:\/\/api.w.org\/{rel}","templated":true}]}}

APÉRO CONCERT ET REPAS AU LAC DE GÉRY

<p>Siéntate en la terraza frente al lago, déjate llevar por los ritmos de grupos musicales de diversos estilos y disfruta de un momento de relajación en un entorno natural bien conservado.</p>
