{"id":25638,"date":"2026-09-01T17:08:01","date_gmt":"2026-09-01T15:08:01","guid":{"rendered":"https:\/\/destination-commingespyrenees.com\/fmamid031v5125z5-es"},"modified":"2026-09-02T03:02:37","modified_gmt":"2026-09-02T01:02:37","slug":"journee-europeenne-du-patrimoine-visites-commentees-de-leglise-et-de-la-chapelle-saint-roch-FMAMID031V5125Z5","status":"publish","type":"agenda","link":"https:\/\/destination-commingespyrenees.com\/es\/agenda\/journee-europeenne-du-patrimoine-visites-commentees-de-leglise-et-de-la-chapelle-saint-roch-FMAMID031V5125Z5\/","title":{"rendered":"JOURN\u00c9E EUROP\u00c9ENNE DU PATRIMOINE :  VISITES COMMENT\u00c9ES DE L&#8217;\u00c9GLISE ET DE LA CHAPELLE SAINT-ROCH"},"excerpt":{"rendered":"<p>\u00a1Visitas guiadas a la iglesia y a la capilla de San Roque!<\/p>\n","protected":false},"template":"","meta":{"_acf_changed":false},"class_list":["post-25638","agenda","type-agenda","status-publish","hentry"],"acf":[],"_links":{"self":[{"href":"https:\/\/destination-commingespyrenees.com\/es\/wp-json\/wp\/v2\/agenda\/25638","targetHints":{"allow":["GET"]}}],"collection":[{"href":"https:\/\/destination-commingespyrenees.com\/es\/wp-json\/wp\/v2\/agenda"}],"about":[{"href":"https:\/\/destination-commingespyrenees.com\/es\/wp-json\/wp\/v2\/types\/agenda"}],"wp:attachment":[{"href":"https:\/\/destination-commingespyrenees.com\/es\/wp-json\/wp\/v2\/media?parent=25638"}],"curies":[{"name":"wp","href":"https:\/\/api.w.org\/{rel}","templated":true}]}}

JOURNÉE EUROPÉENNE DU PATRIMOINE :  VISITES COMMENTÉES DE L&#8217;ÉGLISE ET DE LA CHAPELLE SAINT-ROCH
