{"id":25706,"date":"2026-09-02T17:22:00","date_gmt":"2026-09-02T15:22:00","guid":{"rendered":"https:\/\/destination-commingespyrenees.com\/fmamid031v50v4s4-es"},"modified":"2026-09-03T03:03:24","modified_gmt":"2026-09-03T01:03:24","slug":"fetez-la-saint-valentin-dans-la-telecabine-FMAMID031V50V4S4","status":"publish","type":"agenda","link":"https:\/\/destination-commingespyrenees.com\/es\/agenda\/fetez-la-saint-valentin-dans-la-telecabine-FMAMID031V50V4S4\/","title":{"rendered":"F\u00caTEZ LA SAINT-VALENTIN DANS LA T\u00c9L\u00c9CABINE"},"excerpt":{"rendered":"<p>La \u00abCena en telecabina\u00bb de Luchon-Superbagn\u00e8res se ha consolidado como una cita ineludible para las parejas que buscan una experiencia extraordinaria. El concepto que le ha dado fama sigue siendo el mismo: Acom\u00f3date c\u00f3modamente a bordo de tu telecabina privada y d\u00e9jate llevar por una experiencia gastron\u00f3mica \u00fanica, suspendido en el aire, donde el ritmo [&hellip;]<\/p>\n","protected":false},"template":"","meta":{"_acf_changed":false},"class_list":["post-25706","agenda","type-agenda","status-publish","hentry"],"acf":[],"_links":{"self":[{"href":"https:\/\/destination-commingespyrenees.com\/es\/wp-json\/wp\/v2\/agenda\/25706","targetHints":{"allow":["GET"]}}],"collection":[{"href":"https:\/\/destination-commingespyrenees.com\/es\/wp-json\/wp\/v2\/agenda"}],"about":[{"href":"https:\/\/destination-commingespyrenees.com\/es\/wp-json\/wp\/v2\/types\/agenda"}],"wp:attachment":[{"href":"https:\/\/destination-commingespyrenees.com\/es\/wp-json\/wp\/v2\/media?parent=25706"}],"curies":[{"name":"wp","href":"https:\/\/api.w.org\/{rel}","templated":true}]}}

FÊTEZ LA SAINT-VALENTIN DANS LA TÉLÉCABINE

<p>La «Cena en telecabina» de Luchon-Superbagnères se ha consolidado como una cita ineludible para las parejas que buscan una experiencia extraordinaria. El concepto que le ha dado fama sigue siendo el mismo: Acomódate cómodamente a bordo de tu telecabina privada y déjate llevar por una experiencia gastronómica única, suspendido en el aire, donde el ritmo [&hellip;]</p>
