{"id":25709,"date":"2026-09-02T11:48:00","date_gmt":"2026-09-02T09:48:00","guid":{"rendered":"https:\/\/destination-commingespyrenees.com\/fmamid031v50ye5n-es"},"modified":"2026-09-03T03:03:27","modified_gmt":"2026-09-03T01:03:27","slug":"pierre-marie-celebrent-lamour-au-cafe-des-4-chemins-FMAMID031V50YE5N","status":"publish","type":"agenda","link":"https:\/\/destination-commingespyrenees.com\/es\/agenda\/pierre-marie-celebrent-lamour-au-cafe-des-4-chemins-FMAMID031V50YE5N\/","title":{"rendered":"&#8220;PIERRE &#038; MARIE C\u00c9L\u00c8BRENT L&#8217;AMOUR&#8221; AU CAF\u00c9 DES 4 CHEMINS"},"excerpt":{"rendered":"<p>A cargo de la compa\u00f1\u00eda \u00abMarche ou R\u00eave\u00bb.<\/p>\n","protected":false},"template":"","meta":{"_acf_changed":false},"class_list":["post-25709","agenda","type-agenda","status-publish","hentry"],"acf":[],"_links":{"self":[{"href":"https:\/\/destination-commingespyrenees.com\/es\/wp-json\/wp\/v2\/agenda\/25709","targetHints":{"allow":["GET"]}}],"collection":[{"href":"https:\/\/destination-commingespyrenees.com\/es\/wp-json\/wp\/v2\/agenda"}],"about":[{"href":"https:\/\/destination-commingespyrenees.com\/es\/wp-json\/wp\/v2\/types\/agenda"}],"wp:attachment":[{"href":"https:\/\/destination-commingespyrenees.com\/es\/wp-json\/wp\/v2\/media?parent=25709"}],"curies":[{"name":"wp","href":"https:\/\/api.w.org\/{rel}","templated":true}]}}

&#8220;PIERRE &#038; MARIE CÉLÈBRENT L&#8217;AMOUR&#8221; AU CAFÉ DES 4 CHEMINS

<p>A cargo de la compañía «Marche ou Rêve».</p>
