{"id":25789,"date":"2026-09-03T16:56:24","date_gmt":"2026-09-03T14:56:24","guid":{"rendered":"https:\/\/destination-commingespyrenees.com\/fmamid031v50yocl-es"},"modified":"2026-09-04T03:02:03","modified_gmt":"2026-09-04T01:02:03","slug":"cafe-remue-meninges-FMAMID031V50YOCL","status":"publish","type":"agenda","link":"https:\/\/destination-commingespyrenees.com\/es\/agenda\/cafe-remue-meninges-FMAMID031V50YOCL\/","title":{"rendered":"CAF\u00c9 REMUE M\u00c9NINGES"},"excerpt":{"rendered":"<p>Un debate y un coloquio con Marie-Pierre Cardona, profesora de filosof\u00eda y escritora. Entrada y participaci\u00f3n gratuitas. Comida compartida al t\u00e9rmino del coloquio.<\/p>\n","protected":false},"template":"","meta":{"_acf_changed":false},"class_list":["post-25789","agenda","type-agenda","status-publish","hentry"],"acf":[],"_links":{"self":[{"href":"https:\/\/destination-commingespyrenees.com\/es\/wp-json\/wp\/v2\/agenda\/25789","targetHints":{"allow":["GET"]}}],"collection":[{"href":"https:\/\/destination-commingespyrenees.com\/es\/wp-json\/wp\/v2\/agenda"}],"about":[{"href":"https:\/\/destination-commingespyrenees.com\/es\/wp-json\/wp\/v2\/types\/agenda"}],"wp:attachment":[{"href":"https:\/\/destination-commingespyrenees.com\/es\/wp-json\/wp\/v2\/media?parent=25789"}],"curies":[{"name":"wp","href":"https:\/\/api.w.org\/{rel}","templated":true}]}}

CAFÉ REMUE MÉNINGES

<p>Un debate y un coloquio con Marie-Pierre Cardona, profesora de filosofía y escritora. Entrada y participación gratuitas. Comida compartida al término del coloquio.</p>
