{"id":25792,"date":"2026-09-03T12:18:04","date_gmt":"2026-09-03T10:18:04","guid":{"rendered":"https:\/\/destination-commingespyrenees.com\/fmamid031v5126ex-es"},"modified":"2026-09-04T03:02:08","modified_gmt":"2026-09-04T01:02:08","slug":"randonnee-conference-FMAMID031V5126EX","status":"publish","type":"agenda","link":"https:\/\/destination-commingespyrenees.com\/es\/agenda\/randonnee-conference-FMAMID031V5126EX\/","title":{"rendered":"RANDONN\u00c9E CONF\u00c9RENCE"},"excerpt":{"rendered":"<p>Participaci\u00f3n libre.<\/p>\n","protected":false},"template":"","meta":{"_acf_changed":false},"class_list":["post-25792","agenda","type-agenda","status-publish","hentry"],"acf":[],"_links":{"self":[{"href":"https:\/\/destination-commingespyrenees.com\/es\/wp-json\/wp\/v2\/agenda\/25792","targetHints":{"allow":["GET"]}}],"collection":[{"href":"https:\/\/destination-commingespyrenees.com\/es\/wp-json\/wp\/v2\/agenda"}],"about":[{"href":"https:\/\/destination-commingespyrenees.com\/es\/wp-json\/wp\/v2\/types\/agenda"}],"wp:attachment":[{"href":"https:\/\/destination-commingespyrenees.com\/es\/wp-json\/wp\/v2\/media?parent=25792"}],"curies":[{"name":"wp","href":"https:\/\/api.w.org\/{rel}","templated":true}]}}

RANDONNÉE CONFÉRENCE

<p>Participación libre.</p>
