{"id":25794,"date":"2026-09-03T17:32:54","date_gmt":"2026-09-03T15:32:54","guid":{"rendered":"https:\/\/destination-commingespyrenees.com\/fmamid031v5126hl-es"},"modified":"2026-09-04T03:02:09","modified_gmt":"2026-09-04T01:02:09","slug":"journees-europeennes-du-patrimoine-2026-FMAMID031V5126HL","status":"publish","type":"agenda","link":"https:\/\/destination-commingespyrenees.com\/es\/agenda\/journees-europeennes-du-patrimoine-2026-FMAMID031V5126HL\/","title":{"rendered":"JOURN\u00c9ES EUROP\u00c9ENNES DU PATRIMOINE 2026"},"excerpt":{"rendered":"<p>VISITA A LA EXPOSICI\u00d3N \u00abLONGUE VUE\u00bb s\u00e1bados y domingos, de 10:00 a 18:00 Las salas de los Oliv\u00e9tains acogen a tres artistas en una exposici\u00f3n colectiva. Catherine Branger, cuya pintura se centra en el trabajo con el color, la luz y el ritmo; Yannick Belatach, artista que combina diferentes medios para crear h\u00edbridos en las [&hellip;]<\/p>\n","protected":false},"template":"","meta":{"_acf_changed":false},"class_list":["post-25794","agenda","type-agenda","status-publish","hentry"],"acf":[],"_links":{"self":[{"href":"https:\/\/destination-commingespyrenees.com\/es\/wp-json\/wp\/v2\/agenda\/25794","targetHints":{"allow":["GET"]}}],"collection":[{"href":"https:\/\/destination-commingespyrenees.com\/es\/wp-json\/wp\/v2\/agenda"}],"about":[{"href":"https:\/\/destination-commingespyrenees.com\/es\/wp-json\/wp\/v2\/types\/agenda"}],"wp:attachment":[{"href":"https:\/\/destination-commingespyrenees.com\/es\/wp-json\/wp\/v2\/media?parent=25794"}],"curies":[{"name":"wp","href":"https:\/\/api.w.org\/{rel}","templated":true}]}}

JOURNÉES EUROPÉENNES DU PATRIMOINE 2026

<p>VISITA A LA EXPOSICIÓN «LONGUE VUE» sábados y domingos, de 10:00 a 18:00 Las salas de los Olivétains acogen a tres artistas en una exposición colectiva. Catherine Branger, cuya pintura se centra en el trabajo con el color, la luz y el ritmo; Yannick Belatach, artista que combina diferentes medios para crear híbridos en las [&hellip;]</p>
