{"id":25821,"date":"2026-09-04T15:00:50","date_gmt":"2026-09-04T13:00:50","guid":{"rendered":"https:\/\/destination-commingespyrenees.com\/fmamid031v50zmpq-es"},"modified":"2026-09-05T03:02:47","modified_gmt":"2026-09-05T01:02:47","slug":"journee-du-patrimoine-au-temple-de-luchon-FMAMID031V50ZMPQ","status":"publish","type":"agenda","link":"https:\/\/destination-commingespyrenees.com\/es\/agenda\/journee-du-patrimoine-au-temple-de-luchon-FMAMID031V50ZMPQ\/","title":{"rendered":"JOURN\u00c9E DU PATRIMOINE AU TEMPLE DE LUCHON"},"excerpt":{"rendered":"<p>La construcci\u00f3n del templo en la Belle \u00c9poque. Una comunidad protestante de origen tanto de la regi\u00f3n de Comminges como brit\u00e1nica. Bagn\u00e8res-de-Luchon, una estaci\u00f3n termal de moda en la Belle \u00c9poque. Un proyecto dif\u00edcil de financiar y llevar a cabo, concebido inicialmente por el arquitecto de las termas. Hoy en d\u00eda, una comunidad que vive [&hellip;]<\/p>\n","protected":false},"template":"","meta":{"_acf_changed":false},"class_list":["post-25821","agenda","type-agenda","status-publish","hentry"],"acf":[],"_links":{"self":[{"href":"https:\/\/destination-commingespyrenees.com\/es\/wp-json\/wp\/v2\/agenda\/25821","targetHints":{"allow":["GET"]}}],"collection":[{"href":"https:\/\/destination-commingespyrenees.com\/es\/wp-json\/wp\/v2\/agenda"}],"about":[{"href":"https:\/\/destination-commingespyrenees.com\/es\/wp-json\/wp\/v2\/types\/agenda"}],"wp:attachment":[{"href":"https:\/\/destination-commingespyrenees.com\/es\/wp-json\/wp\/v2\/media?parent=25821"}],"curies":[{"name":"wp","href":"https:\/\/api.w.org\/{rel}","templated":true}]}}

JOURNÉE DU PATRIMOINE AU TEMPLE DE LUCHON

<p>La construcción del templo en la Belle Époque. Una comunidad protestante de origen tanto de la región de Comminges como británica. Bagnères-de-Luchon, una estación termal de moda en la Belle Époque. Un proyecto difícil de financiar y llevar a cabo, concebido inicialmente por el arquitecto de las termas. Hoy en día, una comunidad que vive [&hellip;]</p>
