{"id":25823,"date":"2026-09-04T14:38:32","date_gmt":"2026-09-04T12:38:32","guid":{"rendered":"https:\/\/destination-commingespyrenees.com\/fmamid031v5126px-es"},"modified":"2026-09-05T03:02:50","modified_gmt":"2026-09-05T01:02:50","slug":"journees-du-patrimoine-au-musee-archeologique-departemental-FMAMID031V5126PX","status":"publish","type":"agenda","link":"https:\/\/destination-commingespyrenees.com\/es\/agenda\/journees-du-patrimoine-au-musee-archeologique-departemental-FMAMID031V5126PX\/","title":{"rendered":"JOURN\u00c9ES DU PATRIMOINE AU MUS\u00c9E ARCHEOLOGIQUE D\u00c9PARTEMENTAL"},"excerpt":{"rendered":"<p>Taller del s\u00e1bado: In\u00edciate en la caligraf\u00eda y la letra may\u00fascula romana a partir de ejemplos epigr\u00e1ficos grabados en piezas de piedra conservadas en el museo. Reservado a adultos y adolescentes mayores de 13 a\u00f1os, con inscripci\u00f3n previa, 1 h 30 min. Conferencia del s\u00e1bado: En el marco de una conferencia, Alexandra Gu\u00e9guen y Paul [&hellip;]<\/p>\n","protected":false},"template":"","meta":{"_acf_changed":false},"class_list":["post-25823","agenda","type-agenda","status-publish","hentry"],"acf":[],"_links":{"self":[{"href":"https:\/\/destination-commingespyrenees.com\/es\/wp-json\/wp\/v2\/agenda\/25823","targetHints":{"allow":["GET"]}}],"collection":[{"href":"https:\/\/destination-commingespyrenees.com\/es\/wp-json\/wp\/v2\/agenda"}],"about":[{"href":"https:\/\/destination-commingespyrenees.com\/es\/wp-json\/wp\/v2\/types\/agenda"}],"wp:attachment":[{"href":"https:\/\/destination-commingespyrenees.com\/es\/wp-json\/wp\/v2\/media?parent=25823"}],"curies":[{"name":"wp","href":"https:\/\/api.w.org\/{rel}","templated":true}]}}

JOURNÉES DU PATRIMOINE AU MUSÉE ARCHEOLOGIQUE DÉPARTEMENTAL

<p>Taller del sábado: Iníciate en la caligrafía y la letra mayúscula romana a partir de ejemplos epigráficos grabados en piezas de piedra conservadas en el museo. Reservado a adultos y adolescentes mayores de 13 años, con inscripción previa, 1 h 30 min. Conferencia del sábado: En el marco de una conferencia, Alexandra Guéguen y Paul [&hellip;]</p>
