{"id":25828,"date":"2026-09-04T17:19:43","date_gmt":"2026-09-04T15:19:43","guid":{"rendered":"https:\/\/destination-commingespyrenees.com\/fmamid031v5126tw-es"},"modified":"2026-09-05T03:02:53","modified_gmt":"2026-09-05T01:02:53","slug":"concert-primael-FMAMID031V5126TW","status":"publish","type":"agenda","link":"https:\/\/destination-commingespyrenees.com\/es\/agenda\/concert-primael-FMAMID031V5126TW\/","title":{"rendered":"CONCERT : PRIMA\u00cbL"},"excerpt":{"rendered":"<p>Canci\u00f3n occitana y vasca. Entre la canci\u00f3n occitana y las influencias vascas, Prima\u00ebl establece un di\u00e1logo entre las culturas y las lenguas del Sur en un universo po\u00e9tico profundamente arraigado.<\/p>\n","protected":false},"template":"","meta":{"_acf_changed":false},"class_list":["post-25828","agenda","type-agenda","status-publish","hentry"],"acf":[],"_links":{"self":[{"href":"https:\/\/destination-commingespyrenees.com\/es\/wp-json\/wp\/v2\/agenda\/25828","targetHints":{"allow":["GET"]}}],"collection":[{"href":"https:\/\/destination-commingespyrenees.com\/es\/wp-json\/wp\/v2\/agenda"}],"about":[{"href":"https:\/\/destination-commingespyrenees.com\/es\/wp-json\/wp\/v2\/types\/agenda"}],"wp:attachment":[{"href":"https:\/\/destination-commingespyrenees.com\/es\/wp-json\/wp\/v2\/media?parent=25828"}],"curies":[{"name":"wp","href":"https:\/\/api.w.org\/{rel}","templated":true}]}}

CONCERT : PRIMAËL

<p>Canción occitana y vasca. Entre la canción occitana y las influencias vascas, Primaël establece un diálogo entre las culturas y las lenguas del Sur en un universo poético profundamente arraigado.</p>
