{"id":25846,"date":"2026-09-05T15:20:23","date_gmt":"2026-09-05T13:20:23","guid":{"rendered":"https:\/\/destination-commingespyrenees.com\/fmamid031v50u9dp-es"},"modified":"2026-09-06T03:01:58","modified_gmt":"2026-09-06T01:01:58","slug":"fete-de-bachas-FMAMID031V50U9DP","status":"publish","type":"agenda","link":"https:\/\/destination-commingespyrenees.com\/es\/agenda\/fete-de-bachas-FMAMID031V50U9DP\/","title":{"rendered":"FETE DE BACHAS"},"excerpt":{"rendered":"<p>\u00a1Un programa muy completo para todos! El \u00abSchmilblick\u00bb, un tiovivo vintage para grandes y peque\u00f1os, os espera durante toda la tarde y la noche. Podr\u00e9is saciar el apetito con la oferta gastron\u00f3mica del lugar, ya sea en el food truck \u00abColibri Bio V\u00e9gan\u00bb o con el cordero asado al espeto con verduras, previa reserva. Tras [&hellip;]<\/p>\n","protected":false},"template":"","meta":{"_acf_changed":false},"class_list":["post-25846","agenda","type-agenda","status-publish","hentry"],"acf":[],"_links":{"self":[{"href":"https:\/\/destination-commingespyrenees.com\/es\/wp-json\/wp\/v2\/agenda\/25846","targetHints":{"allow":["GET"]}}],"collection":[{"href":"https:\/\/destination-commingespyrenees.com\/es\/wp-json\/wp\/v2\/agenda"}],"about":[{"href":"https:\/\/destination-commingespyrenees.com\/es\/wp-json\/wp\/v2\/types\/agenda"}],"wp:attachment":[{"href":"https:\/\/destination-commingespyrenees.com\/es\/wp-json\/wp\/v2\/media?parent=25846"}],"curies":[{"name":"wp","href":"https:\/\/api.w.org\/{rel}","templated":true}]}}

<p>¡Un programa muy completo para todos! El «Schmilblick», un tiovivo vintage para grandes y pequeños, os espera durante toda la tarde y la noche. Podréis saciar el apetito con la oferta gastronómica del lugar, ya sea en el food truck «Colibri Bio Végan» o con el cordero asado al espeto con verduras, previa reserva. Tras [&hellip;]</p>
