{"id":12196,"date":"2026-01-13T16:30:09","date_gmt":"2026-01-13T15:30:09","guid":{"rendered":"https:\/\/destination-commingespyrenees.com\/100-local\/los-productores-locales\/"},"modified":"2026-07-30T15:20:59","modified_gmt":"2026-07-30T13:20:59","slug":"los-productores-locales","status":"publish","type":"page","link":"https:\/\/destination-commingespyrenees.com\/es\/preparar-mi-estancia\/100-local\/los-productores-locales\/","title":{"rendered":"Los productores locales"},"content":{"rendered":"\n<section class=\"wp-block-cover alignfull pattern-hero-section\"><img decoding=\"async\" width=\"2048\" height=\"1365\" class=\"wp-block-cover__image-background wp-image-500 size-full\" alt=\"Les producteurs locaux - Ferme de Prouzic \u00e0 Valentine\" src=\"https:\/\/destination-commingespyrenees.com\/content\/uploads\/2026\/01\/32-4-scaled.jpg\" data-object-fit=\"cover\" srcset=\"https:\/\/destination-commingespyrenees.com\/content\/uploads\/2026\/01\/32-4-scaled.jpg 2048w, https:\/\/destination-commingespyrenees.com\/content\/uploads\/2026\/01\/32-4-800x533.jpg 800w, https:\/\/destination-commingespyrenees.com\/content\/uploads\/2026\/01\/32-4-1600x1067.jpg 1600w, https:\/\/destination-commingespyrenees.com\/content\/uploads\/2026\/01\/32-4-768x512.jpg 768w, https:\/\/destination-commingespyrenees.com\/content\/uploads\/2026\/01\/32-4-1536x1024.jpg 1536w\" sizes=\"(max-width: 2048px) 100vw, 2048px\" \/><span aria-hidden=\"true\" class=\"wp-block-cover__background has-background-dim-40 has-background-dim wp-block-cover__gradient-background has-background-gradient\" style=\"background:linear-gradient(180deg,rgb(0,0,0) 0%,rgba(0,0,0,0) 50%,rgba(0,0,0) 100%)\"><\/span><div class=\"wp-block-cover__inner-container has-global-padding is-layout-constrained wp-block-cover-is-layout-constrained\">\n<div class=\"wp-block-group alignwide is-layout-flow wp-block-group-is-layout-flow\"><h1 class=\"wp-block-post-title\">Los productores locales<\/h1>\n\n\n<p class=\"has-medium-font-size wp-block-paragraph\" style=\"font-style:normal;font-weight:700\">Los productores locales con certificaci\u00f3n de la Destino Comminges Pirineos.<\/p>\n\n\n\n<p class=\"wp-block-paragraph\">Los<strong> valores de una agricultura comprometida<\/strong>, el<strong> gusto por la calidad<\/strong> y los <strong>productos de nuestra tierra son <\/strong>el reflejo del trabajo de <strong>personas apasionadas y fascinantes<\/strong> que dan vida a nuestras tierras, ricas en productos <strong>\u00abMade in Comminges\u00bb<\/strong> \u2764.<\/p>\n<\/div>\n<\/div><\/section>\n\n\n\n<section class=\"wp-block-group alignfull pattern-breadcrumb has-global-padding is-layout-constrained wp-block-group-is-layout-constrained\">\n<div class=\"wp-block-group alignwide is-layout-flow wp-block-group-is-layout-flow\"><nav class=\"rank-math-breadcrumb\" aria-label=\"Ruta de navegaci\u00f3n\" style=\"--separator: &quot;\u2022\u2022\u2022&quot;\"><ol><li><span aria-current=\"page\">Inicio<\/span><\/li><\/ol><\/nav><\/div>\n<\/section>\n\n\n\n<section class=\"wp-block-group alignfull pattern-text has-global-padding is-layout-constrained wp-block-group-is-layout-constrained\">\n<div class=\"wp-block-group has-global-padding is-layout-constrained wp-block-group-is-layout-constrained\">\n<h3 class=\"wp-block-heading\">\u00bfCon etiqueta o sin ella?<\/h3>\n\n\n\n<p class=\"wp-block-paragraph\">Durante muchos a\u00f1os, hemos decidido hacer un inventario de los productores locales con certificaci\u00f3n. Hace poco hemos elaborado un c\u00f3digo de conducta que nos ha permitido ampliar nuestra selecci\u00f3n a otros productores de la zona cuyas pr\u00e1cticas son ejemplares.   <\/p>\n\n\n\n<div class=\"wp-block-buttons is-layout-flex wp-block-buttons-is-layout-flex\">\n<div class=\"wp-block-button is-style-fill\"><a class=\"wp-block-button__link wp-element-button\" href=\"https:\/\/destination-commingespyrenees.com\/content\/uploads\/2026\/03\/Charte-engagement-metiers-de-bouche-et-producteurs-1.pdf\">Echa un vistazo a la carta<\/a><\/div>\n<\/div>\n<\/div>\n<\/section>\n\n\n\n<section class=\"wp-block-group alignfull pattern-text has-global-padding is-layout-constrained wp-block-group-is-layout-constrained\">\n<div class=\"wp-block-group has-global-padding is-layout-constrained wp-block-group-is-layout-constrained\">\n<h3 class=\"wp-block-heading\">\u00bfD\u00f3nde se pueden comprar productos locales?<\/h3>\n\n\n<div class=\"alignwide wp-block-bedrock-facetwp-facets is-layout-flex wp-block-bedrock-facetwp-facets-is-layout-flex\">\n\t<div  class=\"facetwp-facets\">\n\t\t\n<fieldset class=\"wp-block-bedrock-facetwp-facet\" data-facet-name=\"commune\" data-hide-when-empty=\"\" data-show-count=\"\">\n\t<legend class=\"facetwp-facet__label\">\n        Comuna    <\/legend>\n\n\t<div class=\"facetwp-facet facetwp-facet-commune facetwp-type-fselect\" data-name=\"commune\" data-type=\"fselect\"><\/div><\/fieldset>\n\n\n<fieldset class=\"wp-block-bedrock-facetwp-facet\" data-facet-name=\"typeproduitdeg\" data-hide-when-empty=\"\" data-show-count=\"\">\n\t<legend class=\"facetwp-facet__label\">\n        Tipo de producto    <\/legend>\n\n\t<div class=\"facetwp-facet facetwp-facet-typeproduitdeg facetwp-type-fselect\" data-name=\"typeproduitdeg\" data-type=\"fselect\"><\/div><\/fieldset>\n\n\t<\/div>\n\n\t\t\t<div class=\"wp-block-bedrock-facetwp-facets__tools\">\n\t\t\t\n\t\t\t\t\t\t\t\n\t\t\t\t\t\t<div class=\"wp-block-button facetwp-facet-reset has-icon\">\n\t\t\t\t\t\t\t<button type=\"button\" class=\"wp-block-button__link wp-element-button\"><svg class=\"icon icon-reset\" aria-hidden=\"true\" focusable=\"false\"><use href=\"https:\/\/destination-commingespyrenees.com\/content\/themes\/bedrock\/assets\/icons\/sprite.svg#reset\"><\/use><\/svg><span class=\"text\">Reiniciar<\/span><\/button>\n\t\t\t\t\t\t<\/div>\n\t\t\t\t\t\t\t\t\t\t\t<\/div>\n\t\n\t<\/div>\n\n\n<div class=\"has-map alignfull wp-block-bedrock-listing has-global-padding is-layout-constrained wp-block-bedrock-listing-is-layout-constrained\">\n\n\t\n\t\t\t<p>Lo sentimos, ninguna entrada coincide con tus criterios.<\/p>\n\t<\/div>\n<\/div>\n<\/section>\n\n\n\n<p class=\"wp-block-paragraph\">PON EL FLUJO DE TST SOBRE LOS PRODUCTORES, EL MAPA CON LAS UBICACIONES Y LA B\u00daSQUEDA IGUAL QUE EN LA P\u00c1GINA WEB ANTERIOR.  <\/p>\n\n\n\n<p class=\"wp-block-paragraph\">DIRECCI\u00d3N ACTUAL PARA VISITAR LA P\u00c1GINA WEB: <a href=\"https:\/\/www.tourisme-stgaudens.com\/decouvrir\/100-local\/les-producteurs-locaux\/\" target=\"_blank\" rel=\"noopener\">Productores locales &#8211; Destino Comminges Pirineos<\/a><\/p>\n\n\n\n<p class=\"wp-block-paragraph\"><\/p>\n","protected":false},"excerpt":{"rendered":"<p>\u00bfCon etiqueta o sin ella? Durante muchos a\u00f1os, hemos decidido hacer un inventario de los productores locales con certificaci\u00f3n. Hace poco hemos elaborado un c\u00f3digo de conducta que nos ha permitido ampliar nuestra selecci\u00f3n a otros productores de la zona cuyas pr\u00e1cticas son ejemplares. \u00bfD\u00f3nde se pueden comprar productos locales? PON EL FLUJO DE TST [&hellip;]<\/p>\n","protected":false},"author":2,"featured_media":3841,"parent":7085,"menu_order":0,"comment_status":"closed","ping_status":"closed","template":"","meta":{"_acf_changed":false,"_is_professional_area":false,"footnotes":""},"experience_category":[],"class_list":["post-12196","page","type-page","status-publish","has-post-thumbnail","hentry"],"acf":[],"_links":{"self":[{"href":"https:\/\/destination-commingespyrenees.com\/es\/wp-json\/wp\/v2\/pages\/12196","targetHints":{"allow":["GET"]}}],"collection":[{"href":"https:\/\/destination-commingespyrenees.com\/es\/wp-json\/wp\/v2\/pages"}],"about":[{"href":"https:\/\/destination-commingespyrenees.com\/es\/wp-json\/wp\/v2\/types\/page"}],"author":[{"embeddable":true,"href":"https:\/\/destination-commingespyrenees.com\/es\/wp-json\/wp\/v2\/users\/2"}],"replies":[{"embeddable":true,"href":"https:\/\/destination-commingespyrenees.com\/es\/wp-json\/wp\/v2\/comments?post=12196"}],"version-history":[{"count":3,"href":"https:\/\/destination-commingespyrenees.com\/es\/wp-json\/wp\/v2\/pages\/12196\/revisions"}],"predecessor-version":[{"id":24003,"href":"https:\/\/destination-commingespyrenees.com\/es\/wp-json\/wp\/v2\/pages\/12196\/revisions\/24003"}],"up":[{"embeddable":true,"href":"https:\/\/destination-commingespyrenees.com\/es\/wp-json\/wp\/v2\/pages\/7085"}],"wp:featuredmedia":[{"embeddable":true,"href":"https:\/\/destination-commingespyrenees.com\/es\/wp-json\/wp\/v2\/media\/3841"}],"wp:attachment":[{"href":"https:\/\/destination-commingespyrenees.com\/es\/wp-json\/wp\/v2\/media?parent=12196"}],"wp:term":[{"taxonomy":"experience_category","embeddable":true,"href":"https:\/\/destination-commingespyrenees.com\/es\/wp-json\/wp\/v2\/experience_category?post=12196"}],"curies":[{"name":"wp","href":"https:\/\/api.w.org\/{rel}","templated":true}]}}

<section class="wp-block-cover alignfull pattern-hero-section"><img decoding="async" width="2048" height="1365" class="wp-block-cover__image-background wp-image-500 size-full" alt="Les producteurs locaux - Ferme de Prouzic à Valentine" src="https://destination-commingespyrenees.com/content/uploads/2026/01/32-4-scaled.jpg" data-object-fit="cover" srcset="https://destination-commingespyrenees.com/content/uploads/2026/01/32-4-scaled.jpg 2048w, https://destination-commingespyrenees.com/content/uploads/2026/01/32-4-800x533.jpg 800w, https://destination-commingespyrenees.com/content/uploads/2026/01/32-4-1600x1067.jpg 1600w, https://destination-commingespyrenees.com/content/uploads/2026/01/32-4-768x512.jpg 768w, https://destination-commingespyrenees.com/content/uploads/2026/01/32-4-1536x1024.jpg 1536w" sizes="(max-width: 2048px) 100vw, 2048px" /><span aria-hidden="true" class="wp-block-cover__background has-background-dim-40 has-background-dim wp-block-cover__gradient-background has-background-gradient" style="background:linear-gradient(180deg,rgb(0,0,0) 0%,rgba(0,0,0,0) 50%,rgba(0,0,0) 100%)"></span><div class="wp-block-cover__inner-container has-global-padding is-layout-constrained wp-block-cover-is-layout-constrained">
<div class="wp-block-group alignwide is-layout-flow wp-block-group-is-layout-flow"><h1 class="wp-block-post-title">Los productores locales</h1>


<p class="has-medium-font-size wp-block-paragraph" style="font-style:normal;font-weight:700">Los productores locales con certificación de la Destino Comminges Pirineos.</p>



<p class="wp-block-paragraph">Los<strong> valores de una agricultura comprometida</strong>, el<strong> gusto por la calidad</strong> y los <strong>productos de nuestra tierra son </strong>el reflejo del trabajo de <strong>personas apasionadas y fascinantes</strong> que dan vida a nuestras tierras, ricas en productos <strong>«Made in Comminges»</strong> ❤.</p>
</div>
</div></section>



<section class="wp-block-group alignfull pattern-breadcrumb has-global-padding is-layout-constrained wp-block-group-is-layout-constrained">
<div class="wp-block-group alignwide is-layout-flow wp-block-group-is-layout-flow"><nav class="rank-math-breadcrumb" aria-label="Ruta de navegación" style="--separator: &quot;•••&quot;"><ol><li><span aria-current="page">Inicio</span></li></ol></nav></div>
</section>



<section class="wp-block-group alignfull pattern-text has-global-padding is-layout-constrained wp-block-group-is-layout-constrained">
<div class="wp-block-group has-global-padding is-layout-constrained wp-block-group-is-layout-constrained">
<h3 class="wp-block-heading">¿Con etiqueta o sin ella?</h3>



<p class="wp-block-paragraph">Durante muchos años, hemos decidido hacer un inventario de los productores locales con certificación. Hace poco hemos elaborado un código de conducta que nos ha permitido ampliar nuestra selección a otros productores de la zona cuyas prácticas son ejemplares.   </p>



<div class="wp-block-buttons is-layout-flex wp-block-buttons-is-layout-flex">
<div class="wp-block-button is-style-fill"><a class="wp-block-button__link wp-element-button" href="https://destination-commingespyrenees.com/content/uploads/2026/03/Charte-engagement-metiers-de-bouche-et-producteurs-1.pdf">Echa un vistazo a la carta</a></div>
</div>
</div>
</section>



<section class="wp-block-group alignfull pattern-text has-global-padding is-layout-constrained wp-block-group-is-layout-constrained">
<div class="wp-block-group has-global-padding is-layout-constrained wp-block-group-is-layout-constrained">
<h3 class="wp-block-heading">¿Dónde se pueden comprar productos locales?</h3>


<div class="alignwide wp-block-bedrock-facetwp-facets is-layout-flex wp-block-bedrock-facetwp-facets-is-layout-flex">
	<div  class="facetwp-facets">
		
<fieldset class="wp-block-bedrock-facetwp-facet" data-facet-name="commune" data-hide-when-empty="" data-show-count="">
	<legend class="facetwp-facet__label">
        Comuna    </legend>

	<div class="facetwp-facet facetwp-facet-commune facetwp-type-fselect" data-name="commune" data-type="fselect"></div></fieldset>


<fieldset class="wp-block-bedrock-facetwp-facet" data-facet-name="typeproduitdeg" data-hide-when-empty="" data-show-count="">
	<legend class="facetwp-facet__label">
        Tipo de producto    </legend>

	<div class="facetwp-facet facetwp-facet-typeproduitdeg facetwp-type-fselect" data-name="typeproduitdeg" data-type="fselect"></div></fieldset>

	</div>

			<div class="wp-block-bedrock-facetwp-facets__tools">
			
							
						<div class="wp-block-button facetwp-facet-reset has-icon">
							<button type="button" class="wp-block-button__link wp-element-button"><svg class="icon icon-reset" aria-hidden="true" focusable="false"><use href="https://destination-commingespyrenees.com/content/themes/bedrock/assets/icons/sprite.svg#reset"></use></svg><span class="text">Reiniciar</span></button>
						</div>
											</div>
	
	</div>


<div class="has-map alignfull wp-block-bedrock-listing has-global-padding is-layout-constrained wp-block-bedrock-listing-is-layout-constrained">

	
			<p>Lo sentimos, ninguna entrada coincide con tus criterios.</p>
	</div>
</div>
</section>



<p class="wp-block-paragraph">PON EL FLUJO DE TST SOBRE LOS PRODUCTORES, EL MAPA CON LAS UBICACIONES Y LA BÚSQUEDA IGUAL QUE EN LA PÁGINA WEB ANTERIOR.  </p>



<p class="wp-block-paragraph">DIRECCIÓN ACTUAL PARA VISITAR LA PÁGINA WEB: <a href="https://www.tourisme-stgaudens.com/decouvrir/100-local/les-producteurs-locaux/" target="_blank" rel="noopener">Productores locales &#8211; Destino Comminges Pirineos</a></p>



<p class="wp-block-paragraph"></p>

<p>¿Con etiqueta o sin ella? Durante muchos años, hemos decidido hacer un inventario de los productores locales con certificación. Hace poco hemos elaborado un código de conducta que nos ha permitido ampliar nuestra selección a otros productores de la zona cuyas prácticas son ejemplares. ¿Dónde se pueden comprar productos locales? PON EL FLUJO DE TST [&hellip;]</p>
