{"id":25060,"date":"2026-04-23T12:25:02","date_gmt":"2026-04-23T10:25:02","guid":{"rendered":"https:\/\/destination-commingespyrenees.com\/los-momentos-destacados-del-destino\/festivales\/open-air-aurithme-du-donjon\/"},"modified":"2026-08-20T15:00:20","modified_gmt":"2026-08-20T13:00:20","slug":"open-air-aurithme-du-donjon","status":"publish","type":"page","link":"https:\/\/destination-commingespyrenees.com\/es\/los-momentos-destacados-del-destino\/festivales\/open-air-aurithme-du-donjon\/","title":{"rendered":"Open Air Auri&#8217;thme Du Donjon"},"content":{"rendered":"\n<section class=\"wp-block-cover alignfull pattern-hero-section\"><img decoding=\"async\" width=\"1280\" height=\"854\" class=\"wp-block-cover__image-background wp-image-4466 size-full\" alt=\"Open Air Aurinac Credit photographe Lilian Cazabet\" src=\"https:\/\/destination-commingespyrenees.com\/content\/uploads\/2026\/04\/Open-Air-Aurinac-Credit-photographe-Lilian-Cazabet.jpg\" data-object-fit=\"cover\" srcset=\"https:\/\/destination-commingespyrenees.com\/content\/uploads\/2026\/04\/Open-Air-Aurinac-Credit-photographe-Lilian-Cazabet.jpg 1280w, https:\/\/destination-commingespyrenees.com\/content\/uploads\/2026\/04\/Open-Air-Aurinac-Credit-photographe-Lilian-Cazabet-800x534.jpg 800w, https:\/\/destination-commingespyrenees.com\/content\/uploads\/2026\/04\/Open-Air-Aurinac-Credit-photographe-Lilian-Cazabet-768x512.jpg 768w\" sizes=\"(max-width: 1280px) 100vw, 1280px\" \/><span aria-hidden=\"true\" class=\"wp-block-cover__background has-background-dim-40 has-background-dim wp-block-cover__gradient-background has-background-gradient\" style=\"background:linear-gradient(180deg,rgb(0,0,0) 0%,rgba(0,0,0,0) 50%,rgba(0,0,0) 100%)\"><\/span><div class=\"wp-block-cover__inner-container has-global-padding is-layout-constrained wp-block-cover-is-layout-constrained\">\n<div class=\"wp-block-group alignwide is-layout-flow wp-block-group-is-layout-flow\"><h1 class=\"is-style-decorated wp-block-post-title\">Open Air Auri&#8217;thme Du Donjon<\/h1>\n\n\n<p class=\"has-medium-font-size wp-block-paragraph\" style=\"font-style:normal;font-weight:700\">5.\u00aa edici\u00f3n del Open Air de Aurignac \u00abAuri&#8217;thme du donjon\u00bb, el 6 de junio, de 14:00 a 2:00, en el patio del castillo.<\/p>\n\n\n\n<p class=\"wp-block-paragraph\">\u00a1Vuelve el evento que tanto esperabas! El patio de la torre del homenaje vuelve a cobrar vida en su 5.\u00aa edici\u00f3n.   <br\/>\u00a1Ambiente de locura garantizado: 12 horas de sesiones de DJ en un entorno atemporal! Comida, bar y juegos en el recinto. <\/p>\n<\/div>\n<\/div><\/section>\n\n<div class=\"wp-block-group alignwide is-layout-flow wp-block-group-is-layout-flow\"><nav class=\"rank-math-breadcrumb\" aria-label=\"Ruta de navegaci\u00f3n\" style=\"--separator: &quot;\u2022\u2022\u2022&quot;\"><ol><li><span aria-current=\"page\">Inicio<\/span><\/li><\/ol><\/nav><\/div>\n\n<h2 class=\"wp-block-heading\">Pista de baile en el patio del castillo, a los pies de la torre del homenaje<\/h2>\n\n<div class=\"wp-block-columns are-vertically-aligned-center is-layout-flex wp-container-core-columns-is-layout-794e3cfa wp-block-columns-is-layout-flex\">\n<div class=\"wp-block-column is-vertically-aligned-center is-layout-flow wp-block-column-is-layout-flow\" style=\"flex-basis:50%\">\n<figure data-wp-context=\"{&quot;imageId&quot;:&quot;6a9509f678aaf&quot;}\" data-wp-interactive=\"core\/image\" data-wp-key=\"6a9509f678aaf\" class=\"wp-block-image aligncenter size-full is-resized wp-lightbox-container\"><img decoding=\"async\" width=\"768\" height=\"1024\" data-wp-class--hide=\"state.isContentHidden\" data-wp-class--show=\"state.isContentVisible\" data-wp-init=\"callbacks.setButtonStyles\" data-wp-on--click=\"actions.showLightbox\" data-wp-on--load=\"callbacks.setButtonStyles\" data-wp-on--pointerdown=\"actions.preloadImage\" data-wp-on--pointerenter=\"actions.preloadImageWithDelay\" data-wp-on--pointerleave=\"actions.cancelPreload\" data-wp-on-window--resize=\"callbacks.setButtonStyles\" src=\"https:\/\/destination-commingespyrenees.com\/content\/uploads\/2026\/04\/donjon-et-prison-web-768x1024-1.jpg\" alt=\"Aurignac: torre&#xF3;n y prisi&#xF3;n. P&#xE1;gina web del ayuntamiento \" class=\"wp-image-4433\" style=\"aspect-ratio:0.7500100333105911;width:319px;height:auto\"\/><button\n\t\t\tclass=\"lightbox-trigger\"\n\t\t\ttype=\"button\"\n\t\t\taria-haspopup=\"dialog\"\n\t\t\tdata-wp-bind--aria-label=\"state.thisImage.triggerButtonAriaLabel\"\n\t\t\tdata-wp-init=\"callbacks.initTriggerButton\"\n\t\t\tdata-wp-on--click=\"actions.showLightbox\"\n\t\t\tdata-wp-style--right=\"state.thisImage.buttonRight\"\n\t\t\tdata-wp-style--top=\"state.thisImage.buttonTop\"\n\t\t>\n\t\t\t<svg xmlns=\"http:\/\/www.w3.org\/2000\/svg\" width=\"12\" height=\"12\" fill=\"none\" viewBox=\"0 0 12 12\">\n\t\t\t\t<path fill=\"#fff\" d=\"M2 0a2 2 0 0 0-2 2v2h1.5V2a.5.5 0 0 1 .5-.5h2V0H2Zm2 10.5H2a.5.5 0 0 1-.5-.5V8H0v2a2 2 0 0 0 2 2h2v-1.5ZM8 12v-1.5h2a.5.5 0 0 0 .5-.5V8H12v2a2 2 0 0 1-2 2H8Zm2-12a2 2 0 0 1 2 2v2h-1.5V2a.5.5 0 0 0-.5-.5H8V0h2Z\" \/>\n\t\t\t<\/svg>\n\t\t<\/button><\/figure>\n<\/div>\n\n\n\n<div class=\"wp-block-column is-vertically-aligned-center is-layout-flow wp-block-column-is-layout-flow\" style=\"flex-basis:50%\">\n<h3 class=\"wp-block-heading is-style-underlined\">\u00bfConoces el castillo\ud83c\udff0\u2026?<\/h3>\n\n\n\n<p class=\"wp-block-paragraph\"><strong>Rodeado de muros de entre 1,5 m y 2 m de grosor, tiene forma de <strong>recinto rectangular<\/strong> si le sumas la parte noreste, donde estaba la vivienda del conde\u2026 <\/strong><strong>La torre del homenaje era una torre de vigilancia sin techo. Se accede a ella por una escalera y por la puerta original. Este enorme edificio, de forma ligeramente troncoc\u00f3nica, tiene una altura de 18 m y un di\u00e1metro exterior de 9,25 m en la base, que se reduce a 8,25 m en la parte superior<\/strong> \u2026<\/p>\n\n\n\n<p class=\"wp-block-paragraph\">\u00bfQuieres saber c\u00f3mo sigue la historia del castillo, de los condes de Comminges y de Aurignac? Haz clic en el enlace de abajo<\/p>\n\n\n\n<div class=\"wp-block-buttons is-layout-flex wp-block-buttons-is-layout-flex\">\n<div class=\"wp-block-button\"><a class=\"wp-block-button__link wp-element-button\" href=\"https:\/\/destination-commingespyrenees.com\/wp-admin\/post.php?post=243&amp;action=edit\">Visitar Aurignac<\/a><\/div>\n<\/div>\n<\/div>\n<\/div>\n\n<div class=\"wp-block-columns are-vertically-aligned-center is-layout-flex wp-container-core-columns-is-layout-794e3cfa wp-block-columns-is-layout-flex\">\n<div class=\"wp-block-column is-vertically-aligned-center is-layout-flow wp-block-column-is-layout-flow\" style=\"flex-basis:50%\">\n<figure data-wp-context=\"{&quot;imageId&quot;:&quot;6a9509f67a912&quot;}\" data-wp-interactive=\"core\/image\" data-wp-key=\"6a9509f67a912\" class=\"wp-block-image aligncenter size-full is-resized wp-lightbox-container\"><img decoding=\"async\" width=\"1280\" height=\"854\" data-wp-class--hide=\"state.isContentHidden\" data-wp-class--show=\"state.isContentVisible\" data-wp-init=\"callbacks.setButtonStyles\" data-wp-on--click=\"actions.showLightbox\" data-wp-on--load=\"callbacks.setButtonStyles\" data-wp-on--pointerdown=\"actions.preloadImage\" data-wp-on--pointerenter=\"actions.preloadImageWithDelay\" data-wp-on--pointerleave=\"actions.cancelPreload\" data-wp-on-window--resize=\"callbacks.setButtonStyles\" src=\"https:\/\/destination-commingespyrenees.com\/content\/uploads\/2026\/04\/Open-Air-Aurinac-Credit-photographe-Lilian-Cazabet.jpg\" alt=\"Open Air Aurinac. Cr&#xE9;dito de la foto: Lilian Cazabet\" class=\"wp-image-4466\" style=\"aspect-ratio:1.4988399071925753;width:411px;height:auto\" srcset=\"https:\/\/destination-commingespyrenees.com\/content\/uploads\/2026\/04\/Open-Air-Aurinac-Credit-photographe-Lilian-Cazabet.jpg 1280w, https:\/\/destination-commingespyrenees.com\/content\/uploads\/2026\/04\/Open-Air-Aurinac-Credit-photographe-Lilian-Cazabet-800x534.jpg 800w, https:\/\/destination-commingespyrenees.com\/content\/uploads\/2026\/04\/Open-Air-Aurinac-Credit-photographe-Lilian-Cazabet-768x512.jpg 768w\" sizes=\"(max-width: 1280px) 100vw, 1280px\" \/><button\n\t\t\tclass=\"lightbox-trigger\"\n\t\t\ttype=\"button\"\n\t\t\taria-haspopup=\"dialog\"\n\t\t\tdata-wp-bind--aria-label=\"state.thisImage.triggerButtonAriaLabel\"\n\t\t\tdata-wp-init=\"callbacks.initTriggerButton\"\n\t\t\tdata-wp-on--click=\"actions.showLightbox\"\n\t\t\tdata-wp-style--right=\"state.thisImage.buttonRight\"\n\t\t\tdata-wp-style--top=\"state.thisImage.buttonTop\"\n\t\t>\n\t\t\t<svg xmlns=\"http:\/\/www.w3.org\/2000\/svg\" width=\"12\" height=\"12\" fill=\"none\" viewBox=\"0 0 12 12\">\n\t\t\t\t<path fill=\"#fff\" d=\"M2 0a2 2 0 0 0-2 2v2h1.5V2a.5.5 0 0 1 .5-.5h2V0H2Zm2 10.5H2a.5.5 0 0 1-.5-.5V8H0v2a2 2 0 0 0 2 2h2v-1.5ZM8 12v-1.5h2a.5.5 0 0 0 .5-.5V8H12v2a2 2 0 0 1-2 2H8Zm2-12a2 2 0 0 1 2 2v2h-1.5V2a.5.5 0 0 0-.5-.5H8V0h2Z\" \/>\n\t\t\t<\/svg>\n\t\t<\/button><\/figure>\n<\/div>\n\n\n\n<div class=\"wp-block-column is-vertically-aligned-center is-layout-flow wp-block-column-is-layout-flow\" style=\"flex-basis:50%\">\n<h3 class=\"wp-block-heading is-style-underlined\">\u2026 \u00a1vive la experiencia!\ud83c\udfb5<\/h3>\n\n\n\n<p class=\"wp-block-paragraph\"><strong>Organizado por el comit\u00e9 de fiestas de Aurignac, \u00a1el reto era una locura, pero el resultado ha sido espectacular!<\/strong><\/p>\n\n\n\n<p class=\"wp-block-paragraph\">\u00a1El patio de la torre del homenaje se convierte en pista de baile durante toda una tarde que se alargar\u00e1 hasta bien entrada la noche! De las 14:00 a las 2:00 de la madrugada, es decir, 12 horas de locura musical con DJ, recarga energ\u00edas comiendo all\u00ed mismo, hidr\u00e1tate en el bar y divi\u00e9rtete con las actividades programadas sin tener que moverte de este sitio.<br\/>\u00a1Todo est\u00e1 pensado para que vivas una experiencia musical en un ambiente festivo! <\/p>\n<\/div>\n<\/div>\n\n<p class=\"has-text-align-center has-accent-3-background-color has-background wp-block-paragraph\"><strong>M\u00e1s informaci\u00f3n<br\/>Comit\u00e9 de Fiestas de Aurignac: <a href=\"https:\/\/www.facebook.com\/comitedesfetes.aurignac\/\" target=\"_blank\" rel=\"noopener\">Facebook: Comit\u00e9 de Fiestas de Aurignac<\/a><br\/>P\u00e1gina web del Ayuntamiento de Aurignac: <a href=\"https:\/\/www.aurignac.fr\/evenements\/open-air-aurithme-du-donjon-comite-des-fetes\/\" target=\"_blank\" rel=\"noopener\">www.aurignac.fr<\/a><\/strong><\/p>\n\n<div class=\"wp-block-buttons is-layout-flex wp-block-buttons-is-layout-flex\">\n<div class=\"wp-block-button is-style-fill\"><a class=\"wp-block-button__link wp-element-button\" href=\"https:\/\/destination-commingespyrenees.com\/es\/el-diario\/\">Consulta la agenda<\/a><\/div>\n<\/div>\n\n<p class=\"wp-block-paragraph\"><\/p>\n","protected":false},"excerpt":{"rendered":"<p>Pista de baile en el patio del castillo, a los pies de la torre del homenaje \u00bfConoces el castillo\ud83c\udff0\u2026? Rodeado de muros de entre 1,5 m y 2 m de grosor, tiene forma de recinto rectangular si le sumas la parte noreste, donde estaba la vivienda del conde\u2026 La torre del homenaje era una torre [&hellip;]<\/p>\n","protected":false},"author":4,"featured_media":25063,"parent":3298,"menu_order":0,"comment_status":"closed","ping_status":"closed","template":"","meta":{"_acf_changed":false,"_is_professional_area":false,"footnotes":""},"experience_category":[],"class_list":["post-25060","page","type-page","status-publish","has-post-thumbnail","hentry"],"acf":[],"_links":{"self":[{"href":"https:\/\/destination-commingespyrenees.com\/es\/wp-json\/wp\/v2\/pages\/25060","targetHints":{"allow":["GET"]}}],"collection":[{"href":"https:\/\/destination-commingespyrenees.com\/es\/wp-json\/wp\/v2\/pages"}],"about":[{"href":"https:\/\/destination-commingespyrenees.com\/es\/wp-json\/wp\/v2\/types\/page"}],"author":[{"embeddable":true,"href":"https:\/\/destination-commingespyrenees.com\/es\/wp-json\/wp\/v2\/users\/4"}],"replies":[{"embeddable":true,"href":"https:\/\/destination-commingespyrenees.com\/es\/wp-json\/wp\/v2\/comments?post=25060"}],"version-history":[{"count":1,"href":"https:\/\/destination-commingespyrenees.com\/es\/wp-json\/wp\/v2\/pages\/25060\/revisions"}],"predecessor-version":[{"id":25064,"href":"https:\/\/destination-commingespyrenees.com\/es\/wp-json\/wp\/v2\/pages\/25060\/revisions\/25064"}],"up":[{"embeddable":true,"href":"https:\/\/destination-commingespyrenees.com\/es\/wp-json\/wp\/v2\/pages\/3298"}],"wp:featuredmedia":[{"embeddable":true,"href":"https:\/\/destination-commingespyrenees.com\/es\/wp-json\/wp\/v2\/media\/25063"}],"wp:attachment":[{"href":"https:\/\/destination-commingespyrenees.com\/es\/wp-json\/wp\/v2\/media?parent=25060"}],"wp:term":[{"taxonomy":"experience_category","embeddable":true,"href":"https:\/\/destination-commingespyrenees.com\/es\/wp-json\/wp\/v2\/experience_category?post=25060"}],"curies":[{"name":"wp","href":"https:\/\/api.w.org\/{rel}","templated":true}]}}

<section class="wp-block-cover alignfull pattern-hero-section"><img decoding="async" width="1280" height="854" class="wp-block-cover__image-background wp-image-4466 size-full" alt="Open Air Aurinac Credit photographe Lilian Cazabet" src="https://destination-commingespyrenees.com/content/uploads/2026/04/Open-Air-Aurinac-Credit-photographe-Lilian-Cazabet.jpg" data-object-fit="cover" srcset="https://destination-commingespyrenees.com/content/uploads/2026/04/Open-Air-Aurinac-Credit-photographe-Lilian-Cazabet.jpg 1280w, https://destination-commingespyrenees.com/content/uploads/2026/04/Open-Air-Aurinac-Credit-photographe-Lilian-Cazabet-800x534.jpg 800w, https://destination-commingespyrenees.com/content/uploads/2026/04/Open-Air-Aurinac-Credit-photographe-Lilian-Cazabet-768x512.jpg 768w" sizes="(max-width: 1280px) 100vw, 1280px" /><span aria-hidden="true" class="wp-block-cover__background has-background-dim-40 has-background-dim wp-block-cover__gradient-background has-background-gradient" style="background:linear-gradient(180deg,rgb(0,0,0) 0%,rgba(0,0,0,0) 50%,rgba(0,0,0) 100%)"></span><div class="wp-block-cover__inner-container has-global-padding is-layout-constrained wp-block-cover-is-layout-constrained">
<div class="wp-block-group alignwide is-layout-flow wp-block-group-is-layout-flow"><h1 class="is-style-decorated wp-block-post-title">Open Air Auri&#8217;thme Du Donjon</h1>


<p class="has-medium-font-size wp-block-paragraph" style="font-style:normal;font-weight:700">5.ª edición del Open Air de Aurignac «Auri&#8217;thme du donjon», el 6 de junio, de 14:00 a 2:00, en el patio del castillo.</p>



<p class="wp-block-paragraph">¡Vuelve el evento que tanto esperabas! El patio de la torre del homenaje vuelve a cobrar vida en su 5.ª edición.   <br/>¡Ambiente de locura garantizado: 12 horas de sesiones de DJ en un entorno atemporal! Comida, bar y juegos en el recinto. </p>
</div>
</div></section>

<div class="wp-block-group alignwide is-layout-flow wp-block-group-is-layout-flow"><nav class="rank-math-breadcrumb" aria-label="Ruta de navegación" style="--separator: &quot;•••&quot;"><ol><li><span aria-current="page">Inicio</span></li></ol></nav></div>

<h2 class="wp-block-heading">Pista de baile en el patio del castillo, a los pies de la torre del homenaje</h2>

<div class="wp-block-columns are-vertically-aligned-center is-layout-flex wp-container-core-columns-is-layout-794e3cfa wp-block-columns-is-layout-flex">
<div class="wp-block-column is-vertically-aligned-center is-layout-flow wp-block-column-is-layout-flow" style="flex-basis:50%">
<figure data-wp-context="{&quot;imageId&quot;:&quot;6a9509f678aaf&quot;}" data-wp-interactive="core/image" data-wp-key="6a9509f678aaf" class="wp-block-image aligncenter size-full is-resized wp-lightbox-container"><img decoding="async" width="768" height="1024" data-wp-class--hide="state.isContentHidden" data-wp-class--show="state.isContentVisible" data-wp-init="callbacks.setButtonStyles" data-wp-on--click="actions.showLightbox" data-wp-on--load="callbacks.setButtonStyles" data-wp-on--pointerdown="actions.preloadImage" data-wp-on--pointerenter="actions.preloadImageWithDelay" data-wp-on--pointerleave="actions.cancelPreload" data-wp-on-window--resize="callbacks.setButtonStyles" src="https://destination-commingespyrenees.com/content/uploads/2026/04/donjon-et-prison-web-768x1024-1.jpg" alt="Aurignac: torre&#xF3;n y prisi&#xF3;n. P&#xE1;gina web del ayuntamiento " class="wp-image-4433" style="aspect-ratio:0.7500100333105911;width:319px;height:auto"/><button
			class="lightbox-trigger"
			type="button"
			aria-haspopup="dialog"
			data-wp-bind--aria-label="state.thisImage.triggerButtonAriaLabel"
			data-wp-init="callbacks.initTriggerButton"
			data-wp-on--click="actions.showLightbox"
			data-wp-style--right="state.thisImage.buttonRight"
			data-wp-style--top="state.thisImage.buttonTop"
		>
			<svg xmlns="http://www.w3.org/2000/svg" width="12" height="12" fill="none" viewBox="0 0 12 12">
				<path fill="#fff" d="M2 0a2 2 0 0 0-2 2v2h1.5V2a.5.5 0 0 1 .5-.5h2V0H2Zm2 10.5H2a.5.5 0 0 1-.5-.5V8H0v2a2 2 0 0 0 2 2h2v-1.5ZM8 12v-1.5h2a.5.5 0 0 0 .5-.5V8H12v2a2 2 0 0 1-2 2H8Zm2-12a2 2 0 0 1 2 2v2h-1.5V2a.5.5 0 0 0-.5-.5H8V0h2Z" />
			</svg>
		</button></figure>
</div>



<div class="wp-block-column is-vertically-aligned-center is-layout-flow wp-block-column-is-layout-flow" style="flex-basis:50%">
<h3 class="wp-block-heading is-style-underlined">¿Conoces el castillo🏰…?</h3>



<p class="wp-block-paragraph"><strong>Rodeado de muros de entre 1,5 m y 2 m de grosor, tiene forma de <strong>recinto rectangular</strong> si le sumas la parte noreste, donde estaba la vivienda del conde… </strong><strong>La torre del homenaje era una torre de vigilancia sin techo. Se accede a ella por una escalera y por la puerta original. Este enorme edificio, de forma ligeramente troncocónica, tiene una altura de 18 m y un diámetro exterior de 9,25 m en la base, que se reduce a 8,25 m en la parte superior</strong> …</p>



<p class="wp-block-paragraph">¿Quieres saber cómo sigue la historia del castillo, de los condes de Comminges y de Aurignac? Haz clic en el enlace de abajo</p>



<div class="wp-block-buttons is-layout-flex wp-block-buttons-is-layout-flex">
<div class="wp-block-button"><a class="wp-block-button__link wp-element-button" href="https://destination-commingespyrenees.com/wp-admin/post.php?post=243&amp;action=edit">Visitar Aurignac</a></div>
</div>
</div>
</div>

<div class="wp-block-columns are-vertically-aligned-center is-layout-flex wp-container-core-columns-is-layout-794e3cfa wp-block-columns-is-layout-flex">
<div class="wp-block-column is-vertically-aligned-center is-layout-flow wp-block-column-is-layout-flow" style="flex-basis:50%">
<figure data-wp-context="{&quot;imageId&quot;:&quot;6a9509f67a912&quot;}" data-wp-interactive="core/image" data-wp-key="6a9509f67a912" class="wp-block-image aligncenter size-full is-resized wp-lightbox-container"><img decoding="async" width="1280" height="854" data-wp-class--hide="state.isContentHidden" data-wp-class--show="state.isContentVisible" data-wp-init="callbacks.setButtonStyles" data-wp-on--click="actions.showLightbox" data-wp-on--load="callbacks.setButtonStyles" data-wp-on--pointerdown="actions.preloadImage" data-wp-on--pointerenter="actions.preloadImageWithDelay" data-wp-on--pointerleave="actions.cancelPreload" data-wp-on-window--resize="callbacks.setButtonStyles" src="https://destination-commingespyrenees.com/content/uploads/2026/04/Open-Air-Aurinac-Credit-photographe-Lilian-Cazabet.jpg" alt="Open Air Aurinac. Cr&#xE9;dito de la foto: Lilian Cazabet" class="wp-image-4466" style="aspect-ratio:1.4988399071925753;width:411px;height:auto" srcset="https://destination-commingespyrenees.com/content/uploads/2026/04/Open-Air-Aurinac-Credit-photographe-Lilian-Cazabet.jpg 1280w, https://destination-commingespyrenees.com/content/uploads/2026/04/Open-Air-Aurinac-Credit-photographe-Lilian-Cazabet-800x534.jpg 800w, https://destination-commingespyrenees.com/content/uploads/2026/04/Open-Air-Aurinac-Credit-photographe-Lilian-Cazabet-768x512.jpg 768w" sizes="(max-width: 1280px) 100vw, 1280px" /><button
			class="lightbox-trigger"
			type="button"
			aria-haspopup="dialog"
			data-wp-bind--aria-label="state.thisImage.triggerButtonAriaLabel"
			data-wp-init="callbacks.initTriggerButton"
			data-wp-on--click="actions.showLightbox"
			data-wp-style--right="state.thisImage.buttonRight"
			data-wp-style--top="state.thisImage.buttonTop"
		>
			<svg xmlns="http://www.w3.org/2000/svg" width="12" height="12" fill="none" viewBox="0 0 12 12">
				<path fill="#fff" d="M2 0a2 2 0 0 0-2 2v2h1.5V2a.5.5 0 0 1 .5-.5h2V0H2Zm2 10.5H2a.5.5 0 0 1-.5-.5V8H0v2a2 2 0 0 0 2 2h2v-1.5ZM8 12v-1.5h2a.5.5 0 0 0 .5-.5V8H12v2a2 2 0 0 1-2 2H8Zm2-12a2 2 0 0 1 2 2v2h-1.5V2a.5.5 0 0 0-.5-.5H8V0h2Z" />
			</svg>
		</button></figure>
</div>



<div class="wp-block-column is-vertically-aligned-center is-layout-flow wp-block-column-is-layout-flow" style="flex-basis:50%">
<h3 class="wp-block-heading is-style-underlined">… ¡vive la experiencia!🎵</h3>



<p class="wp-block-paragraph"><strong>Organizado por el comité de fiestas de Aurignac, ¡el reto era una locura, pero el resultado ha sido espectacular!</strong></p>



<p class="wp-block-paragraph">¡El patio de la torre del homenaje se convierte en pista de baile durante toda una tarde que se alargará hasta bien entrada la noche! De las 14:00 a las 2:00 de la madrugada, es decir, 12 horas de locura musical con DJ, recarga energías comiendo allí mismo, hidrátate en el bar y diviértete con las actividades programadas sin tener que moverte de este sitio.<br/>¡Todo está pensado para que vivas una experiencia musical en un ambiente festivo! </p>
</div>
</div>

<p class="has-text-align-center has-accent-3-background-color has-background wp-block-paragraph"><strong>Más información<br/>Comité de Fiestas de Aurignac: <a href="https://www.facebook.com/comitedesfetes.aurignac/" target="_blank" rel="noopener">Facebook: Comité de Fiestas de Aurignac</a><br/>Página web del Ayuntamiento de Aurignac: <a href="https://www.aurignac.fr/evenements/open-air-aurithme-du-donjon-comite-des-fetes/" target="_blank" rel="noopener">www.aurignac.fr</a></strong></p>

<div class="wp-block-buttons is-layout-flex wp-block-buttons-is-layout-flex">
<div class="wp-block-button is-style-fill"><a class="wp-block-button__link wp-element-button" href="https://destination-commingespyrenees.com/es/el-diario/">Consulta la agenda</a></div>
</div>

<p class="wp-block-paragraph"></p>
