{"id":25414,"date":"2026-08-25T11:25:37","date_gmt":"2026-08-25T09:25:37","guid":{"rendered":"https:\/\/destination-commingespyrenees.com\/pcumid031v5123vm-es"},"modified":"2026-08-26T17:54:38","modified_gmt":"2026-08-26T15:54:38","slug":"la-villa-raphael-PCUMID031V5123VM","status":"publish","type":"visite","link":"https:\/\/destination-commingespyrenees.com\/es\/visite\/la-villa-raphael-PCUMID031V5123VM\/","title":{"rendered":"LA VILLA RAPHA\u00cbL"},"excerpt":{"rendered":"<p>Cl\u00e9menceau se aloj\u00f3 all\u00ed a principios del siglo XX. Posteriormente, fue ocupada por Mata Hari y alberg\u00f3 las oficinas de la Gestapo durante la Segunda Guerra Mundial.<\/p>\n","protected":false},"template":"","meta":{"_acf_changed":false},"class_list":["post-25414","visite","type-visite","status-publish","hentry"],"acf":[],"_links":{"self":[{"href":"https:\/\/destination-commingespyrenees.com\/es\/wp-json\/wp\/v2\/visite\/25414","targetHints":{"allow":["GET"]}}],"collection":[{"href":"https:\/\/destination-commingespyrenees.com\/es\/wp-json\/wp\/v2\/visite"}],"about":[{"href":"https:\/\/destination-commingespyrenees.com\/es\/wp-json\/wp\/v2\/types\/visite"}],"wp:attachment":[{"href":"https:\/\/destination-commingespyrenees.com\/es\/wp-json\/wp\/v2\/media?parent=25414"}],"curies":[{"name":"wp","href":"https:\/\/api.w.org\/{rel}","templated":true}]}}

LA VILLA RAPHAËL

<p>Clémenceau se alojó allí a principios del siglo XX. Posteriormente, fue ocupada por Mata Hari y albergó las oficinas de la Gestapo durante la Segunda Guerra Mundial.</p>
